{"id":107,"date":"2023-10-19T07:02:47","date_gmt":"2023-10-19T07:02:47","guid":{"rendered":"https:\/\/sdgexperts.fi\/?page_id=107"},"modified":"2024-11-02T12:11:50","modified_gmt":"2024-11-02T12:11:50","slug":"koulutuksemme-egla-green-lean-asiantuntija","status":"publish","type":"page","link":"https:\/\/sdgexperts.fi\/?page_id=107","title":{"rendered":"Koulutuksemme: EGLA Green Lean Asiantuntija"},"content":{"rendered":"\n<figure class=\"wp-block-image size-full is-resized\"><img loading=\"lazy\" decoding=\"async\" width=\"1024\" height=\"680\" src=\"https:\/\/sdgexperts.fi\/wp-content\/uploads\/2023\/10\/Training-3.png\" alt=\"\" class=\"wp-image-108\" style=\"aspect-ratio:1.5058823529411764;width:541px;height:auto\" srcset=\"https:\/\/sdgexperts.fi\/wp-content\/uploads\/2023\/10\/Training-3.png 1024w, https:\/\/sdgexperts.fi\/wp-content\/uploads\/2023\/10\/Training-3-300x199.png 300w, https:\/\/sdgexperts.fi\/wp-content\/uploads\/2023\/10\/Training-3-768x510.png 768w\" sizes=\"auto, (max-width: 1024px) 100vw, 1024px\" \/><\/figure>\n\n\n\n<h2 class=\"wp-block-heading\">EGLA GREEN LEAN ASIANTUNTIJAKOULUTUS<\/h2>\n\n\n\n<p><strong>Kenelle?<\/strong><\/p>\n\n\n\n<p>T\u00e4m\u00e4 kurssi on kaikille, jotka suunnittelevat kehitysprojekteja tai vet\u00e4v\u00e4t pienempi\u00e4 kehityshankkeita. Koulutuksen aikana koulutettavat perehtyv\u00e4t Lean Six Sigma kehitysmalliin, kest\u00e4v\u00e4\u00e4n kehitykseen ja kehitysprojektien parhaisiin k\u00e4yt\u00e4nt\u00f6ihin. Opiskelua tukee e-oppimisymp\u00e4rist\u00f6n k\u00e4ytt\u00f6 ja siell\u00e4 olevat teht\u00e4v\u00e4t. Oppimisymp\u00e4rist\u00f6 on k\u00e4yt\u00f6ss\u00e4 yhteens\u00e4 6 kuukauden ajan. T\u00e4ll\u00e4 varmistetaan erilaisten oppijien ja erilaisten oppimistyylien n\u00e4k\u00f6kulmista ymm\u00e4rryksen tehostaminen. Kurssin k\u00e4yneet ymm\u00e4rt\u00e4v\u00e4t Lean Six Sigma kehitysmallin, projektihallinnan parhaat k\u00e4yt\u00e4nn\u00f6t ja kest\u00e4v\u00e4n kehityksen roolin tulospohjaisessa kehitt\u00e4misess\u00e4. Kurssin voi suorittaa my\u00f6s puhtaana et\u00e4opiskeluna oman aikataulun puitteissa.<\/p>\n\n\n\n<p><strong>Sis\u00e4lt\u00f6:<\/strong><\/p>\n\n\n\n<p>Kurssiin kuuluu 8 moduulia, joiden aikana perehdyt\u00e4\u00e4n pienempien, yksitt\u00e4isten kehitysprojektien vet\u00e4miseen.<\/p>\n\n\n\n<p>Moduulit ovat seuraavat:<\/p>\n\n\n\n<p>1. Green Lean periaatteet, Green Lean kehitysprosessi (DMAIC), Projektihallinta<\/p>\n\n\n\n<p>2. DMAIC \u2013prosessi Green Lean n\u00e4k\u00f6kulmista; Kest\u00e4vyyden ja vastuullisuuden rakentaminen, Green Lean projektin roolit ja vastuut; Gate Review prosessi<\/p>\n\n\n\n<p>3. Projektin suunnittelu, sudenkuoppien v\u00e4ltt\u00e4minen<\/p>\n\n\n\n<p>4. M\u00e4\u00e4rittelyvaiheen (Define) perusteet ja k\u00e4yt\u00e4nn\u00f6t<\/p>\n\n\n\n<p>5. Arviointivaiheen (Measure) perusteet, tavoitteet ja k\u00e4yt\u00e4nn\u00f6t<\/p>\n\n\n\n<p>6. Analysointivaiheen (Analyze) perusteet, tavoitteet ja k\u00e4yt\u00e4nn\u00f6t<\/p>\n\n\n\n<p>7. Kehitt\u00e4misvaiheen (Improve) perusteet, tavoitteet ja k\u00e4yt\u00e4nn\u00f6t<\/p>\n\n\n\n<p>8. Seuranta- ja ohjausvaiheen(Control) perusteet, tavoitteet ja k\u00e4yt\u00e4nn\u00f6t; Jatkuva parantaminen (Kaizen). oppivan organisaation kulttuurin kehitt\u00e4minen<\/p>\n\n\n\n<p><\/p>\n\n\n\n<p>Kurssin kesto on 10 viikkoa ja se sis\u00e4lt\u00e4\u00e4 8 p\u00e4iv\u00e4n luokkahuone \/ webinar ty\u00f6skentelyn (3 tuntia viikonloppuisin tai sovitun mukaan). Kurssin onnistuneesti suorittaneet saavat EGLA:n todistuksen p\u00e4tevyydest\u00e4.<\/p>\n\n\n\n<p>Koulutus sis\u00e4lt\u00e4\u00e4 Lean Six Sigma Green Belt tason koulutuksen kansainv\u00e4listen vaatimusten (Body of Knowledge) mukaisesti ja lyhyen esittelyn Kest\u00e4v\u00e4n kehityksen (taloudellinen, ekologinen ja sosiaalinen kest\u00e4vyys; YK:n kest\u00e4v\u00e4n kehityksen tavoitteet) ja vastuullisuuden. Kest\u00e4vyys ja vastuullisuus kasvavat koko ajan merkitt\u00e4v\u00e4mmiksi maailman organisaatioiden toiminnassa. Green Lean tarjoaa osaamisen ja keinot kilpailuedun saavuttamiseen sek\u00e4 kotimaisilla ett\u00e4 kansainv\u00e4lisill\u00e4 markkinoilla.<\/p>\n","protected":false},"excerpt":{"rendered":"<p>EGLA GREEN LEAN ASIANTUNTIJAKOULUTUS Kenelle? T\u00e4m\u00e4 kurssi on kaikille, jotka suunnittelevat kehitysprojekteja tai vet\u00e4v\u00e4t pienempi\u00e4 kehityshankkeita. Koulutuksen aikana koulutettavat perehtyv\u00e4t Lean Six Sigma kehitysmalliin, kest\u00e4v\u00e4\u00e4n kehitykseen ja kehitysprojektien parhaisiin k\u00e4yt\u00e4nt\u00f6ihin. Opiskelua tukee e-oppimisymp\u00e4rist\u00f6n k\u00e4ytt\u00f6 ja siell\u00e4 olevat teht\u00e4v\u00e4t. Oppimisymp\u00e4rist\u00f6 on k\u00e4yt\u00f6ss\u00e4 yhteens\u00e4 6 kuukauden ajan. T\u00e4ll\u00e4 varmistetaan erilaisten oppijien ja erilaisten oppimistyylien n\u00e4k\u00f6kulmista ymm\u00e4rryksen tehostaminen. &hellip; <\/p>\n<p class=\"link-more\"><a href=\"https:\/\/sdgexperts.fi\/?page_id=107\" class=\"more-link\">Read more<span class=\"screen-reader-text\"> &#8221;Koulutuksemme: EGLA Green Lean Asiantuntija&#8221;<\/span><\/a><\/p>\n","protected":false},"author":1,"featured_media":0,"parent":126,"menu_order":0,"comment_status":"closed","ping_status":"closed","template":"","meta":{"inspiro_hide_title":false,"footnotes":""},"class_list":["post-107","page","type-page","status-publish","hentry"],"_links":{"self":[{"href":"https:\/\/sdgexperts.fi\/index.php?rest_route=\/wp\/v2\/pages\/107","targetHints":{"allow":["GET"]}}],"collection":[{"href":"https:\/\/sdgexperts.fi\/index.php?rest_route=\/wp\/v2\/pages"}],"about":[{"href":"https:\/\/sdgexperts.fi\/index.php?rest_route=\/wp\/v2\/types\/page"}],"author":[{"embeddable":true,"href":"https:\/\/sdgexperts.fi\/index.php?rest_route=\/wp\/v2\/users\/1"}],"replies":[{"embeddable":true,"href":"https:\/\/sdgexperts.fi\/index.php?rest_route=%2Fwp%2Fv2%2Fcomments&post=107"}],"version-history":[{"count":1,"href":"https:\/\/sdgexperts.fi\/index.php?rest_route=\/wp\/v2\/pages\/107\/revisions"}],"predecessor-version":[{"id":109,"href":"https:\/\/sdgexperts.fi\/index.php?rest_route=\/wp\/v2\/pages\/107\/revisions\/109"}],"up":[{"embeddable":true,"href":"https:\/\/sdgexperts.fi\/index.php?rest_route=\/wp\/v2\/pages\/126"}],"wp:attachment":[{"href":"https:\/\/sdgexperts.fi\/index.php?rest_route=%2Fwp%2Fv2%2Fmedia&parent=107"}],"curies":[{"name":"wp","href":"https:\/\/api.w.org\/{rel}","templated":true}]}}