{"id":44,"date":"2023-10-18T12:32:48","date_gmt":"2023-10-18T12:32:48","guid":{"rendered":"https:\/\/sdgexperts.fi\/?page_id=44"},"modified":"2023-10-18T14:05:02","modified_gmt":"2023-10-18T14:05:02","slug":"miten-kehitamme-asiakkaidemme-organisaatioiden-toimintaa","status":"publish","type":"page","link":"https:\/\/sdgexperts.fi\/?page_id=44","title":{"rendered":"Miten kehit\u00e4mme asiakkaidemme organisaatioiden toimintaa"},"content":{"rendered":"\n<figure class=\"wp-block-image size-full\"><img loading=\"lazy\" decoding=\"async\" width=\"730\" height=\"618\" src=\"https:\/\/sdgexperts.fi\/wp-content\/uploads\/2023\/10\/more_power_thumb.jpg\" alt=\"\" class=\"wp-image-63\" srcset=\"https:\/\/sdgexperts.fi\/wp-content\/uploads\/2023\/10\/more_power_thumb.jpg 730w, https:\/\/sdgexperts.fi\/wp-content\/uploads\/2023\/10\/more_power_thumb-300x254.jpg 300w\" sizes=\"auto, (max-width: 730px) 100vw, 730px\" \/><\/figure>\n\n\n\n<p>Edustamamme EGLA Green Lean ja EGLA Sustainability ohjelmat ovat ylivertaisia muihin verrattuna.&nbsp;<\/p>\n\n\n\n<p><strong>Green Lean on yksinkertaisesti paljon enemm\u00e4n kuin muut kest\u00e4v\u00e4n kehityksen tai tuottavuuden kehitt\u00e4misohjelmat. Se on yhdistelm\u00e4 projektijohtamisen parhaita k\u00e4yt\u00e4nt\u00f6j\u00e4, Lean Six Sigman menetelm\u00e4\u00e4 ja kest\u00e4v\u00e4\u00e4 kehityst\u00e4. Se tarkoittaa monipuolisia menetelmi\u00e4 ja ty\u00f6kaluja.<\/strong><\/p>\n\n\n\n<p>Asiakkaidemme toimintoja, prosesseja ja tuottavuutta on kehitetty tarvel\u00e4ht\u00f6isesti ja monipuolisesti jo yli 20 vuotta. Kehitt\u00e4minen on saatu kohdistettua juuri siihen tarpeeseen, jonka t\u00e4ytt\u00e4m\u00e4ll\u00e4 tuottavuutta on voitu parhaiten parantaa. Tuottavuutta on kehitetty ja parannettu monipuolisesti samalla yrityksen kest\u00e4vyytt\u00e4 kehitt\u00e4en.<\/p>\n\n\n\n<ul class=\"wp-block-list\">\n<li>nime\u00e4m\u00e4ll\u00e4 ulkopuolinen Green Lean -ammattilainen projektip\u00e4\u00e4llik\u00f6ksi<\/li>\n\n\n\n<li>kouluttamalla avainhenkil\u00f6t Green Belt -asiantuntijoiksi tai -projektip\u00e4\u00e4llik\u00f6iksi<\/li>\n\n\n\n<li>valmentamalla DMAIC-kehitt\u00e4mismenetelm\u00e4 k\u00e4ytt\u00f6\u00f6n tuottavuuden tai kest\u00e4v\u00e4n kehityksen v\u00e4lineeksi.<\/li>\n\n\n\n<li>ottamalla tarvittaessa Green Lean Team Coach -tuottavuuden kehitt\u00e4misprojektin toteutuksen tueksi.<\/li>\n\n\n\n<li>kouluttamalla ja tarjoamalla e-oppimisymp\u00e4rist\u00f6 (50+ ty\u00f6kalua ohjeineen ja lomakkeineen) asiakkaan k\u00e4ytt\u00f6\u00f6n.<\/li>\n\n\n\n<li>valmentamalla esimiehet (esim. esimiesvalmennukset prosesseihin, yksik\u00f6ille, osastoille)<\/li>\n<\/ul>\n\n\n\n<figure class=\"wp-block-image size-full\"><img loading=\"lazy\" decoding=\"async\" width=\"939\" height=\"495\" src=\"https:\/\/sdgexperts.fi\/wp-content\/uploads\/2023\/10\/6.jpg\" alt=\"\" class=\"wp-image-64\" srcset=\"https:\/\/sdgexperts.fi\/wp-content\/uploads\/2023\/10\/6.jpg 939w, https:\/\/sdgexperts.fi\/wp-content\/uploads\/2023\/10\/6-300x158.jpg 300w, https:\/\/sdgexperts.fi\/wp-content\/uploads\/2023\/10\/6-768x405.jpg 768w\" sizes=\"auto, (max-width: 939px) 100vw, 939px\" \/><\/figure>\n\n\n\n<p><strong>EGLA Sustainability ohjelmissa on samantyyppinen sis\u00e4lt\u00f6, mutta p\u00e4\u00e4huomio on kest\u00e4v\u00e4n kehityksen eri osatekij\u00f6iss\u00e4.<\/strong><\/p>\n\n\n\n<ul class=\"wp-block-list\">\n<li>ulkopuolinen EGLA Sustainability -ammattilainen projektip\u00e4\u00e4llik\u00f6ksi<\/li>\n\n\n\n<li>kouluttamalla avainhenkil\u00f6t kest\u00e4v\u00e4n kehityksen ja kiertotalouden asiantuntijoiksi tai -projektip\u00e4\u00e4llik\u00f6iksi<\/li>\n\n\n\n<li>valmentamalla DMAIC-kehitt\u00e4mismenetelm\u00e4 k\u00e4ytt\u00f6\u00f6n tuottavuuden ja kest\u00e4v\u00e4n kehityksen v\u00e4lineeksi.<\/li>\n\n\n\n<li>ottamalla tarvittaessa EGLA Sustainability Team Coach -tuottavuuden kehitt\u00e4misprojektin toteutuksen tueksi.<\/li>\n\n\n\n<li>kouluttamalla ja tarjoamalla e-oppimisymp\u00e4rist\u00f6 (50+ ty\u00f6kalua ohjeineen ja lomakkeineen) asiakkaan k\u00e4ytt\u00f6\u00f6n.<\/li>\n\n\n\n<li>valmentamalla esimiehet (esim. esimiesvalmennukset prosesseihin, yksik\u00f6ille, osastoille)<\/li>\n<\/ul>\n","protected":false},"excerpt":{"rendered":"<p>Edustamamme EGLA Green Lean ja EGLA Sustainability ohjelmat ovat ylivertaisia muihin verrattuna.&nbsp; Green Lean on yksinkertaisesti paljon enemm\u00e4n kuin muut kest\u00e4v\u00e4n kehityksen tai tuottavuuden kehitt\u00e4misohjelmat. Se on yhdistelm\u00e4 projektijohtamisen parhaita k\u00e4yt\u00e4nt\u00f6j\u00e4, Lean Six Sigman menetelm\u00e4\u00e4 ja kest\u00e4v\u00e4\u00e4 kehityst\u00e4. Se tarkoittaa monipuolisia menetelmi\u00e4 ja ty\u00f6kaluja. Asiakkaidemme toimintoja, prosesseja ja tuottavuutta on kehitetty tarvel\u00e4ht\u00f6isesti ja monipuolisesti jo &hellip; <\/p>\n<p class=\"link-more\"><a href=\"https:\/\/sdgexperts.fi\/?page_id=44\" class=\"more-link\">Read more<span class=\"screen-reader-text\"> &#8221;Miten kehit\u00e4mme asiakkaidemme organisaatioiden toimintaa&#8221;<\/span><\/a><\/p>\n","protected":false},"author":1,"featured_media":0,"parent":16,"menu_order":1,"comment_status":"closed","ping_status":"closed","template":"","meta":{"inspiro_hide_title":false,"footnotes":""},"class_list":["post-44","page","type-page","status-publish","hentry"],"_links":{"self":[{"href":"https:\/\/sdgexperts.fi\/index.php?rest_route=\/wp\/v2\/pages\/44","targetHints":{"allow":["GET"]}}],"collection":[{"href":"https:\/\/sdgexperts.fi\/index.php?rest_route=\/wp\/v2\/pages"}],"about":[{"href":"https:\/\/sdgexperts.fi\/index.php?rest_route=\/wp\/v2\/types\/page"}],"author":[{"embeddable":true,"href":"https:\/\/sdgexperts.fi\/index.php?rest_route=\/wp\/v2\/users\/1"}],"replies":[{"embeddable":true,"href":"https:\/\/sdgexperts.fi\/index.php?rest_route=%2Fwp%2Fv2%2Fcomments&post=44"}],"version-history":[{"count":3,"href":"https:\/\/sdgexperts.fi\/index.php?rest_route=\/wp\/v2\/pages\/44\/revisions"}],"predecessor-version":[{"id":65,"href":"https:\/\/sdgexperts.fi\/index.php?rest_route=\/wp\/v2\/pages\/44\/revisions\/65"}],"up":[{"embeddable":true,"href":"https:\/\/sdgexperts.fi\/index.php?rest_route=\/wp\/v2\/pages\/16"}],"wp:attachment":[{"href":"https:\/\/sdgexperts.fi\/index.php?rest_route=%2Fwp%2Fv2%2Fmedia&parent=44"}],"curies":[{"name":"wp","href":"https:\/\/api.w.org\/{rel}","templated":true}]}}